5750. List the prime factors of p.
2, 5, 31
Let f(b) be the first derivative of -b + 5*b**2 + 15 + 0*b + 7*b. What are the prime factors of f(6)?
2, 3, 11
Let i(d) = -139*d - 10580. What are the prime factors of i(-181)?
61, 239
Suppose 65 - 20 = -9*p. What are the prime factors of (1/((-3)/(-20)))/(p/(-1305))?
2, 3, 5, 29
Let a(r) = -493*r**3 + 22*r**2 + 8*r + 20. List the prime factors of a(-5).
5, 31, 401
Let c = -5264 + 3108. Let k = -1332 - c. List the prime factors of k.
2, 103
Let w(t) = -8602*t - 760. What are the prime factors of w(-7)?
2, 3, 367
Let c(d) = -3*d - 43. Let j be c(-13). List the prime factors of 1/j - 2/((-8)/1917).
479
Suppose 22*n = 24*n - 812. Suppose 0 = 27*o - 28*o + n. List the prime factors of o.
2, 7, 29
Let d(m) = 14*m**2 - 53*m + 327. What are the prime factors of d(56)?
41263
Let s be (-13)/(39/22)*9330/(-2). What are the prime factors of s/132 + (-2)/12?
7, 37
Let k(b) = b**2 - 11*b - 17. Let v be k(16). Let w = v + -61. List the prime factors of w*3/(-6)*-86.
2, 43
Let m be (-4 - -2)*35/(-5). Suppose -m*o + 11*o = -48. Let l = o + 69. What are the prime factors of l?
5, 17
Suppose 0*y - 6*y = -24. Suppose -y*x - 735 = -11*x. Suppose -2*w + x = 31. What are the prime factors of w?
37
Let n = -4667 - -6761. What are the prime factors of n?
2, 3, 349
Let i(d) = 226*d + 21. Suppose -24*u - 69 = -47*u. List the prime factors of i(u).
3, 233
Let y = -9053 - -26896. What are the prime factors of y?
7, 2549
Let l(j) = 158*j**2 + 48*j + 118. What are the prime factors of l(9)?
2, 47, 71
Suppose 9*p = -2*m + 38736, -8 = 2*p - 4. List the prime factors of m.
3, 2153
Let r = 698 - -6685. List the prime factors of r.
3, 23, 107
Suppose -6655 = 3*d - 5*o - 0*o, d + o = -2205. Let a = d - -3524. List the prime factors of a.
2, 3, 73
Suppose -9*y + 30 = -3*y. Suppose -894 = -y*x + 1096. List the prime factors of x.
2, 199
Let l(y) = -y - 13. Let t be l(-11). List the prime factors of -2*(-1 - t)/((-1)/155).
2, 5, 31
Suppose 0 = 6*p - p + 480. Let v be 157*1 - (-24)/(-6). Let r = v + p. List the prime factors of r.
3, 19
Suppose 5*q - 32 = -4*d, -3*d + 2*d = 4*q - 19. Suppose -k + 3*a = -190, -q*a + 388 = 2*k - 2*a. Suppose -10*p + 757 + k = 0. What are the prime factors of p?
5, 19
Suppose -7*j + 83 = 6. Suppose j*f = 1179 + 3518. List the prime factors of f.
7, 61
What are the prime factors of -295*(-21 - 11666/95)?
59, 719
Suppose -39*k + 14*k + 183275 = 0. List the prime factors of k.
7331
Let z(u) be the third derivative of -247*u**4/24 - 38*u**3/3 + 31*u**2 + 2*u. List the prime factors of z(-6).
2, 19, 37
Let z(k) = 18686*k - 1049. What are the prime factors of z(1)?
3, 5879
Suppose -4*y + 2*x + 0*x + 74 = 0, 2*x = 5*y - 93. Suppose 0 = -5*f + y*f - 672. List the prime factors of f.
2, 3
Let q(i) = -i**3 + 15*i**2 - 5*i - 18. Let j be -2 - 2/(5/(225/(-6))). List the prime factors of q(j).
3, 5, 17
Let p = 176 + -166. What are the prime factors of (2 + 1019)*12*p/120?
1021
Let v be (-9)/((-18)/(-73)) - (-1)/2. Let r = 222 - v. List the prime factors of r.
2, 3, 43
What are the prime factors of (2305 - (-13 + 13)) + 14?
3, 773
Suppose 3*t - t + 2*j - 156 = 0, 4*t = j + 337. Suppose 2*u = o + 196, 2*u - 3*o - 157 = 39. Let y = u - t. What are the prime factors of y?
3, 5
Let t = 255 + -390. Let w(k) = 19*k + 29. Let j be w(12). Let g = t + j. What are the prime factors of g?
2, 61
Suppose -2*d - 41*t = -40*t - 9236, 0 = -2*d + 3*t + 9252. What are the prime factors of d?
2, 3, 5, 7, 11
Suppose -27*r - 2*u = -13*r - 359458, 4*r - 2*u = 102692. List the prime factors of r.
5, 13, 79
Let d(r) be the third derivative of 20*r**2 + 0*r + 1/4*r**4 + 0 - 1/5*r**5 + 4/3*r**3 - 1/120*r**6. List the prime factors of d(-13).
3, 11
Let n(d) = 2*d - 17. Let s be n(9). Let v(g) = 248*g**2 + 3*g - 3. What are the prime factors of v(s)?
2, 31
Suppose -a = z + 13, -7*a + 3*a - 12 = -4*z. List the prime factors of (-2 - -22)/(a/(-20)).
2, 5
Suppose -4*m + 34 = 5*y, 0 = m + 3*m + 16. Suppose h = y*h - 18. Suppose -h*l - 4*l + 30 = 0. List the prime factors of l.
5
Suppose 4*l = -4*r + 9068, -3*r + l + 9073 = r. What are the prime factors of r?
2, 3, 7
Suppose -4*p = -16, -2*j + 52800 = -1255*p + 1260*p. List the prime factors of j.
2, 5, 7, 13, 29
List the prime factors of (-664150)/(-60) - (-84)/(-72).
2, 2767
Let b(t) = -67*t + 21. Let j(h) = -2*h**3 + 3*h**2 - 3*h + 1. Let i be j(1). List the prime factors of b(i).
2, 11
Let s be (2 - 5/(-5)) + -1 + 3. Suppose -3*x = -2*p - 780, -s*x + 264 = p - 1036. Suppose -164 = -8*t + x. List the prime factors of t.
53
Suppose -o + g = -785, -o - 3*o + 3130 = g. Suppose z + 2*z = o. What are the prime factors of z?
3, 29
Let i = 177 - 182. Let a(g) = -g**3 + g**2 - 8*g - 11. What are the prime factors of a(i)?
179
Suppose 0 = -3*y + 5*x - 14, -10 = 2*y + 5*x - 9*x. Let g(z) = -199*z - 6. List the prime factors of g(y).
3, 197
Suppose 64 = -5*n + 3*n. Let q = 35 + n. Suppose -q*h + 74 = 5. List the prime factors of h.
23
Let t(p) = 539*p - 2739. List the prime factors of t(32).
11, 1319
Let l(a) = -a**3 - 3*a**2 + 4*a + 10. Let w(q) = 4*q - 28. Let y be w(6). Let x be l(y). What are the prime factors of (-3)/(-6) + x*172/16?
2, 3
Let s(q) = 36*q**2 + 3*q + 3. List the prime factors of s(13).
2, 3, 1021
Suppose -3*p + 2*q = -19, 0*p = -p - 5*q - 22. Let y be 0*((-3)/(24/(-20)) - p). Suppose -2*b - 3*b + 440 = y. List the prime factors of b.
2, 11
Let j(a) be the third derivative of -a**5/12 - 17*a**4/8 - 5*a**3/6 - 3*a**2. Let f(i) = -14*i**2 - 142*i - 29. Let h be f(-10). List the prime factors of j(h).
7
Let v(j) = 5*j - 3*j - 4 + 1 + 2. Let g be v(4). Suppose 108 = -3*b + g*b. List the prime factors of b.
3
Suppose 4*v + 1867 = 4*i + 303, 0 = 2*v + 5*i + 768. Let w = v - -807. List the prime factors of w.
2, 11, 19
Let s(k) be the second derivative of k**4/2 + 7*k**3/6 - k**2/2 - 12*k. Let c be s(13). Suppose -22*g + c = -10*g. List the prime factors of g.
2, 23
Let n = 46 + -21. Suppose 3*r + 7*y = 2*y + n, r - 2*y = -10. Suppose r = 3*k - 298 + 58. What are the prime factors of k?
2, 5
Let u = 24 + 78. Suppose -a + u = t - 69, 679 = 4*a + 3*t. What are the prime factors of a?
2, 83
Suppose 11*l = -4*l - 9*l + 935496. What are the prime factors of l?
3, 61, 71
Suppose -3*b + 54*g = 50*g - 51418, -4*b = -5*g - 68559. What are the prime factors of b?
2, 8573
Suppose 5*v - 64937 = -o, -21*v = o - 24*v - 64993. List the prime factors of o.
2, 37, 439
Let w be -15*1*(-3)/9. Let m(l) = l**2 + 5*l - 14. Let a be m(w). Suppose 1 = n - 3*p - 19, 5*p - a = -n. List the prime factors of n.
2, 13
Suppose -147*n + 34*n = -809577 - 1741737. What are the prime factors of n?
2, 3, 53, 71
Suppose t - 1580 = -f, 3*f - 274*t = -271*t + 4758. List the prime factors of f.
1583
Suppose -2*r + 36078 = 2*n, -3*r = -r + 3*n - 36073. Suppose 61*u - r = 35*u. List the prime factors of u.
2, 347
Let t = 11473 - 3059. List the prime factors of t.
2, 7, 601
Let r = -751 + 2169. What are the prime factors of r?
2, 709
Let j be (-3 - -2)/(3 - 4737/1578). Let n = 940 - j. What are the prime factors of n?
2, 3, 23
Let o(w) = -86*w - 55. Let r(z) = 2*z. Let x(i) = -o(i) - 4*r(i). List the prime factors of x(7).
601
Let b be (-4 + (-29 - -6))/(5/25). List the prime factors of ((-106)/(-10) - 54/b)*79.
11, 79
Let c(v) = -681*v + 3488. List the prime factors of c(-18).
2, 7873
Let d = 739 + -765. What are the prime factors of (-1039)/3*(-29 - d)?
1039
Let s(r) = -2665*r + 2268. What are the prime factors of s(-14)?
2, 7, 11, 257
Let f(a) = a**3 - 27*a**2 - 19*a + 112. Let q be f(28). Let g = q + -328. List the prime factors of g.
2, 3
Suppose 3*f = -0*f + 11*x + 5843, 4*x - 5873 = -3*f. What are the prime factors of f?
5, 17, 23
What are the prime factors of -11*2956*(-62)/248?
11, 739
Suppose -3027 = -3*w - 5*j + 421, 1152 = w - j. Let r = w - 710. List the prime factors of r.
3, 7
Let z(b) = 6*b**2 + 152*b + 209. What are the prime factors of z(-66)?
11, 1483
Let s(h) = 412*h + 1809. List the prime factors of s(6).
3, 1427
Suppose -148 = -6*w + 332. Let v = -58 + w. What are the prime factors of v?
2, 11
Suppose -3740 = -5*n + 2080. Let b = n - 554. Suppose 9*z - 7*z - b = 0. List the prime factors of z.
5, 61
Let x(q) = -1010